{"id":112,"date":"2020-02-12T07:43:14","date_gmt":"2020-02-12T07:43:14","guid":{"rendered":"http:\/\/lebenslauf.sven-teichmann.de\/?page_id=112"},"modified":"2025-06-16T19:03:39","modified_gmt":"2025-06-16T19:03:39","slug":"home","status":"publish","type":"page","link":"http:\/\/lebenslauf.sven-teichmann.de\/","title":{"rendered":"Home"},"content":{"rendered":"\n<h3>Wer bin ich?<\/h3>\n\n\n<div style=\"hyphens: auto; text-align: justify;\">\n<p>Meine Name ist <strong>Sven Teichmann<\/strong> und ich bin am 13.09.1980 in <em>Wolfsburg<\/em> geboren. Nach meiner Ausbildung zum <strong>Energieelektroniker<\/strong> bei der <a href=\"https:\/\/new.siemens.com\">SIEMENS AG<\/a> in <em>Braunschweig<\/em> habe ich an der Fachoberschule in Wolfsburg meine Fachhochschulreife erworben. Anschlie\u00dfend studierte ich an der&nbsp; <a href=\"https:\/\/www.h-brs.de\/de\">Hochschule Bonn-Rhein-Sieg<\/a> in <em>St. Augustin<\/em> <a href=\"https:\/\/www.h-brs.de\/de\/inf\">Informatik<\/a>.<\/p>\n<\/div>\n\n\n<h3>Was mache ich?<\/h3>\n\n\n<div style=\"hyphens: auto; text-align: justify;\">\n<p>Nach Abschlu\u00df meines Studiums (<strong>Bachelor of Computer Science<\/strong>) arbeitete ich f\u00fcr eine Firma die in der Automobilbranche weltweit Roboteranlagen aufgebaut, programmiert und Software entwickelt hat. Mein Hauptaufgabengebiet lag mehr als 9 Jahre in der <strong>Software-Entwicklung<\/strong>. Die Software die ich entwickelt und programmiert habe ist multilingual und macht es m\u00f6glich Roboter von unterschiedlichen Herstellern (<a href=\"https:\/\/www.kuka.com\">KUKA<\/a>\/<a href=\"https:\/\/www.fanuc.eu\">FANUC<\/a>\/<a href=\"https:\/\/new.abb.com\/products\/robotics\">ABB<\/a>) und mit unterschiedlichen Kunden-Standards vereinfacht zu visualisieren, zu analysieren und zu dokumentieren. Des Weiteren entwickelte ich Software f\u00fcr die dreidimensionale Visualisierung von F\u00fcgepunkten inklusive der dazugeh\u00f6rigen 3D Modelle, datenbankbasierte Anwendungen f\u00fcr das Projektmanagement und Webservices zur Kommunikation mit mobilen Endger\u00e4ten. Nachdem ich 4 Jahre die Team- und Entwicklungsleitung inne hatte, bin ich in ein Unternehmen gewechselt welches mir mehr Diversit\u00e4t in Software-Projekten und Kunden bieten konnte. Seitdem arbeite ich dort als <strong>Senior Software\u00a0 Engineer\u00a0<\/strong>und besch\u00e4ftige mich mit Testautomatisierung und Anforderungsmanagement in der R\u00fcstungsindustrie.<\/p>\n<\/div>\n\n\n<h3>Wo mache ich das?<\/h3>\n\n\n<div style=\"hyphens: auto; text-align: justify;\">\n<p>Meine entwickelten Anwendungen wurden an nahezu allen Standorten meines ehemaligen Arbeitgebers verwendet, unter anderem in den <em>vereinigten Staaten<\/em>, <em>Brasilien<\/em>, <em>China<\/em>, <em>Spanien<\/em>,\u00a0 <em>Polen<\/em>, <em>Slowakei<\/em>, <em>Mexiko<\/em> und nat\u00fcrlich in <em>Deutschland<\/em>. In vielen Projekten im In- und Ausland habe ich regelm\u00e4\u00dfig aktive und passive Unterst\u00fctzung geleistet. Dar\u00fcber hinaus habe ich nationale und internationale Projekte mit Studenten betreut die ihre Bachelor- und\/oder ihre Master-Thesis geschrieben haben. Meine aktuellen Projekte sind alle in Deutschland.<\/p>\n<\/div>\n\n\n<h3>Wie mache ich das?<\/h3>\n\n\n<div style=\"hyphens: auto; text-align: justify;\">\n<p>In all den Jahren habe ich mit unterschiedlichsten Technologien gearbeitet, aber meinen Alltag beschreite ich zusammen mit <strong>Microsoft Visual Studio<\/strong> und <strong>C# (C-Sharp)<\/strong>. Zusammen mit <strong>Xamarin (Android)<\/strong> und <strong>Mono (Linux)<\/strong> gibt es einem Entwickler eine gute Grundlage um sowohl Desktop-Applikationen zu entwickeln, als auch Webservices und mobile Anwendungen. Und wenn man von Webservices spricht, dann d\u00fcrfen Themen wie <strong>Microservices<\/strong> und <strong>Docker<\/strong> nat\u00fcrlich auch nicht fehlen. Aus meiner Sicht ist in der Software-Entwicklung <strong>agiles Projektmanagement (z.B. Scrum, Kanban, etc.)<\/strong> unerl\u00e4sslich und geh\u00f6rt in diese Welt genau wie <strong>Design-Patterns<\/strong> zum eigentlichen Coding.<\/p>\n<\/div>\n\n\n<p><\/p>\n","protected":false},"excerpt":{"rendered":"<p>Wer bin ich? Meine Name ist Sven Teichmann und ich bin am 13.09.1980 in Wolfsburg geboren. Nach meiner Ausbildung zum Energieelektroniker bei der SIEMENS AG in Braunschweig habe ich an der Fachoberschule in Wolfsburg meine Fachhochschulreife erworben. Anschlie\u00dfend studierte ich an der&nbsp; Hochschule Bonn-Rhein-Sieg in St. Augustin Informatik. Was mache ich? Nach Abschlu\u00df meines Studiums &hellip; <\/p>\n<p class=\"link-more\"><a href=\"http:\/\/lebenslauf.sven-teichmann.de\/\" class=\"more-link\"><span class=\"screen-reader-text\">\u201eHome\u201c<\/span> weiterlesen<\/a><\/p>\n","protected":false},"author":1,"featured_media":0,"parent":0,"menu_order":0,"comment_status":"closed","ping_status":"closed","template":"","meta":[],"_links":{"self":[{"href":"http:\/\/lebenslauf.sven-teichmann.de\/index.php?rest_route=\/wp\/v2\/pages\/112"}],"collection":[{"href":"http:\/\/lebenslauf.sven-teichmann.de\/index.php?rest_route=\/wp\/v2\/pages"}],"about":[{"href":"http:\/\/lebenslauf.sven-teichmann.de\/index.php?rest_route=\/wp\/v2\/types\/page"}],"author":[{"embeddable":true,"href":"http:\/\/lebenslauf.sven-teichmann.de\/index.php?rest_route=\/wp\/v2\/users\/1"}],"replies":[{"embeddable":true,"href":"http:\/\/lebenslauf.sven-teichmann.de\/index.php?rest_route=%2Fwp%2Fv2%2Fcomments&post=112"}],"version-history":[{"count":9,"href":"http:\/\/lebenslauf.sven-teichmann.de\/index.php?rest_route=\/wp\/v2\/pages\/112\/revisions"}],"predecessor-version":[{"id":141,"href":"http:\/\/lebenslauf.sven-teichmann.de\/index.php?rest_route=\/wp\/v2\/pages\/112\/revisions\/141"}],"wp:attachment":[{"href":"http:\/\/lebenslauf.sven-teichmann.de\/index.php?rest_route=%2Fwp%2Fv2%2Fmedia&parent=112"}],"curies":[{"name":"wp","href":"https:\/\/api.w.org\/{rel}","templated":true}]}}